6
What is the hundred thousands digit of 5814328962?
3
What is the billions digit of 1497459880?
1
What is the ten thousands digit of 688653561?
5
What is the ten thousands digit of 1947640789?
4
What is the ten millions digit of 103395595?
0
What is the ten millions digit of 33002050?
3
What is the tens digit of 23741267?
6
What is the thousands digit of 419758111?
8
What is the ten millions digit of 6205682354?
0
What is the thousands digit of 37545727?
5
What is the ten millions digit of 75586261?
7
What is the millions digit of 9800225?
9
What is the thousands digit of 2669377519?
7
What is the millions digit of 896109414?
6
What is the ten millions digit of 893947949?
9
What is the hundred millions digit of 144867065?
1
What is the tens digit of 122269617?
1
What is the thousands digit of 105500003?
0
What is the hundred thousands digit of 18980254?
9
What is the units digit of 431338778?
8
What is the billions digit of 1408134703?
1
What is the hundreds digit of 100059226?
2
What is the tens digit of 1892642?
4
What is the thousands digit of 367883185?
3
What is the hundred millions digit of 3049336590?
0
What is the hundreds digit of 351835116?
1
What is the units digit of 1976121099?
9
What is the thousands digit of 69999349?
9
What is the millions digit of 30932837?
0
What is the tens digit of 98889578?
7
What is the millions digit of 2448626732?
8
What is the ten thousands digit of 345580742?
8
What is the ten millions digit of 374466921?
7
What is the hundred thousands digit of 4445168?
4
What is the hundreds digit of 3360602930?
9
What is the units digit of 598042234?
4
What is the units digit of 286101678?
8
What is the units digit of 73079272?
2
What is the ten millions digit of 446996941?
4
What is the hundreds digit of 150982388?
3
What is the millions digit of 119850482?
9
What is the thousands digit of 470769639?
9
What is the units digit of 78486524?
4
What is the hundreds digit of 73204333?
3
What is the millions digit of 289659345?
9
What is the ten millions digit of 78229403?
7
What is the hundreds digit of 413079299?
2
What is the tens digit of 19525328?
2
What is the hundred millions digit of 5444404141?
4
What is the tens digit of 12101460?
6
What is the thousands digit of 69046228?
6
What is the hundred millions digit of 200763079?
2
What is the hundreds digit of 62827075?
0
What is the hundreds digit of 9866904?
9
What is the hundred millions digit of 1067853059?
0
What is the hundred thousands digit of 5010105859?
1
What is the ten millions digit of 385999873?
8
What is the units digit of 483268785?
5
What is the hundred millions digit of 100661590?
1
What is the ten thousands digit of 134151554?
5
What is the hundred millions digit of 1432624242?
4
What is the hundred thousands digit of 69139785?
1
What is the units digit of 56146050?
0
What is the units digit of 20448822?
2
What is the tens digit of 462965012?
1
What is the tens digit of 152196927?
2
What is the hundred thousands digit of 6486747?
4
What is the units digit of 21241935?
5
What is the hundred thousands digit of 6328598400?
5
What is the hundreds digit of 27135660?
6
What is the ten millions digit of 395612769?
9
What is the ten millions digit of 623500072?
2
What is the thousands digit of 669385824?
5
What is the hundreds digit of 5090924074?
0
What is the ten thousands digit of 208204936?
0
What is the tens digit of 69689411?
1
What is the hundreds digit of 2057003577?
5
What is the thousands digit of 1833338676?
8
What is the hundred thousands digit of 761475731?
4
What is the ten millions digit of 170148157?
7
What is the thousands digit of 560619454?
9
What is the thousands digit of 2305182519?
2
What is the units digit of 78152498?
8
What is the millions digit of 585501687?
5
What is the hundreds digit of 472348278?
2
What is the hundreds digit of 208870561?
5
What is the units digit of 794926895?
5
What is the ten millions digit of 1041876682?
4
What is the thousands digit of 27776125?
6
What is the thousands digit of 298902581?
2
What is the hundred thousands digit of 697307872?
3
What is the tens digit of 5519301437?
3
What is the units digit of 29316118?
8
What is the hundred thousands digit of 214772775?
7
What is the thousands digit of 677845318?
5
What is the hundred thousands digit of 15557396?
5
What is the billions digit of 1191638907?
1
What is the hundred thousands digit of 38495753?
4
What is the ten millions digit of 2942827928?
4
What is the hundred thousands digit of 311508300?
5
What is the hundred thousands digit of 238319637?
3
What is the ten thousands digit of 1318972059?
7
What is the millions digit of 11673431?
1
What is the hundred millions digit of 1600146936?
6
What is the hundreds digit of 30537891?
8
What is the units digit of 581966886?
6
What is the ten thousands digit of 5210723814?
2
What is the hundred millions digit of 242006953?
2
What is the hundred thousands digit of 210737323?
7
What is the thousands digit of 73787425?
7
What is the tens digit of 296898959?
5
What is the hundred thousands digit of 776204817?
2
What is the hundred thousands digit of 3012659?
0
What is the thousands digit of 485310376?
0
What is the ten thousands digit of 643340043?
4
What is the units digit of 52296514?
4
What is the ten millions digit of 82721086?
8
What is the tens digit of 264554592?
9
What is the tens digit of 293808808?
0
What is the millions digit of 1538830273?
8
What is the ten millions digit of 298483988?
9
What is the hundred millions digit of 1928831100?
9
What is the millions digit of 354906785?
4
What is the hundreds digit of 5080918277?
2
What is the billions digit of 2975973461?
2
What is the tens digit of 649207233?
3
What is the units digit of 382451520?
0
What is the ten thousands digit of 574130861?
3
What is the thousands digit of 80462934?
2
What is the ten thousands digit of 16932219?
3
What is the tens digit of 67796384?
8
What is the tens digit of 127149738?
3
What is the hundreds digit of 67575843?
8
What is the millions digit of 7658748826?
8
What is the hundred millions digit of 396900534?
3
What is the units digit of 62915303?
3
What is the billions digit of 1172788698?
1
What is the units digit of 1319374255?
5
What is the hundred millions digit of 4272273204?
2
What is the hundred thousands digit of 97015403?
0
What is the thousands digit of 21685943?
5
What is the hundred millions digit of 254556111?
2
What is the hundred thousands digit of 939985333?
9
What is the hundreds digit of 347281680?
6
What is the ten thousands digit of 156477594?
7
What is the thousands digit of 1529851293?
1
What is the units digit of 6193443946?
6
What is the hundreds digit of 69225773?
7
What is the units digit of 12394378?
8
What is the ten thousands digit of 128995203?
9
What is the hundreds digit of 60312877?
8
What is the ten millions digit of 10613940?
1
What is the hundred millions digit of 2072982710?
0
What is the millions digit of 72538808?
2
What is the millions digit of 3044435525?
4
What is the hundred thousands digit of 98761653?
7
What is the hundred millions digit of 916297241?
9
What is the ten thousands digit of 436180801?
8
What is the hundreds digit of 4329167?
1
What is the ten thousands digit of 167407238?
0
What is the hundred millions digit of 296825293?
2
What is the units digit of 477630745?
5
What is the thousands digit of 36325261?
5
What is the ten thousands digit of 1902753344?
5
What is the hundred thousands digit of 69151209?
1
What is the tens digit of 69038279?
7
What is the units digit of 96943549?
9
What is the hundreds digit of 122101663?
6
What is the hundred thousands digit of 42948630?
9
What is the hundred thousands digit of 10349019?
3
What is the hundreds digit of 20137725?
7
What is the hundreds digit of 82291135?
1
What is the millions digit of 178128516?
8
What is the ten thousands digit of 71140336?
4
What is the tens digit of 452425505?
0
What is the hundred thousands digit of 64019342?
0
What is the ten thousands digit of 7845152?
4
What is the tens digit of 1222357445?
4
What is the hundred thousands digit of 327724284?
7
What is the millions digit of 64261598?
4
What is the hundred thousands digit of 650141589?
1
What is the hundred thousands digit of 4229028?